6))/(-7 - 41/(-6)). Let d(x) = x**2 - 4*x + 1. Give d(q).
1
Let w(d) be the first derivative of -d**4/4 + d**2 + 2*d + 3. Give w(-2).
6
Suppose -5*s = -3*x + 34, 0 = x - 0*x + 2*s + 7. Suppose -x + 0 = -b. Let n(f) = 21*f - 23*f + 0 - b. Determine n(-4).
5
Suppose 2*q + 26 = o, -o = -3*q - 9 - 20. Let t(v) = -v - v**3 - o + 50 - 24. Suppose 5*b = -w + 25, 0 = -2*w + 5*w + 3*b - 15. Give t(w).
6
Let k(q) = q**3 - 8*q**2 + 7*q + 1. Suppose 5*f - 7*f = -5*m + 31, -8 = -4*f. Give k(m).
1
Let v(a) = -a - 10. Let b be (-32)/6*((-7)/14 + 2). Calculate v(b).
-2
Let d(c) = 55*c + 2 - 56*c - 8. Calculate d(-10).
4
Let s(b) be the first derivative of -1 + 0*b + 7/3*b**3 - 1/4*b**4 - 3*b**2. Let k be 2/2 + (-5)/(-1). What is s(k)?
0
Let t(b) = b**2 - 2 - 91*b - 3*b**2 + 70*b + 12*b + b**2. Suppose -5*r - 30 = 10. Calculate t(r).
6
Suppose 1 - 6 = 5*t. Suppose 0*l = 5*l - 15. Let y(v) = 5*v - 4*v**2 - l*v**2 + 1 - 3*v. Give y(t).
-8
Let p(z) = z - 1. Let m(k) = -4*k + 10. Let s(l) = m(l) + 5*p(l). Let n be 0/(13/((-91)/(-21))). Determine s(n).
5
Let z(m) = -m**2 - m + 3. Let c = -28 - -22. Give z(c).
-27
Let m(g) = -g - 1. Let f(k) = -1. Let b(y) = f(y) - m(y). Let w be -1*26/8 + (22 - 3045/140). Determine b(w).
-3
Let a be 3*(-4)/24*8. Let x(p) = -p**3 - 5*p**2 - 3*p - 4. Determine x(a).
-8
Let t(o) = -2*o + 9. Let s = -669 - -674. Give t(s).
-1
Let b(g) = -g**3 + 4*g**2 + 8*g - 4. Suppose 6*d + 10 = 8*d + 5*x, 4*x = -d + 5. What is b(d)?
11
Let w(u) = u**2 + 5*u. Let j = -38 + 40. Suppose -s - 10 = j*t, -t - 2 = 1. Calculate w(s).
-4
Let y(g) = -2*g - g**3 + 0 - 4*g**2 - 7 + 3. Suppose -z = -3*z - 8. Calculate y(z).
4
Let a(f) = f**2 + 5*f - 3. Let m be ((-36)/(-8))/9*(3 - 13). Determine a(m).
-3
Let h(c) = -c**2 - c. Let a(l) = 3*l + 1 - 2 + 1 + 3. Let n(m) = -a(m) - h(m). Give n(5).
12
Suppose 102*l - x = 103*l + 7, 8 = -2*l - 5*x. Let n(o) = -o + 3. Determine n(l).
12
Let m be (-36)/(-10) + 4/10. Let x = 87 - 87. Let k(v) = x*v - 1 - m - v + 4. What is k(-3)?
2
Let t(g) be the second derivative of -g**3/6 - 94*g. Calculate t(2).
-2
Let b(x) = -x**3 - 5*x**2 + 2. Suppose -54*z - 57 = 159. What is b(z)?
-14
Let p(q) = -q**3 - 3*q**2 + 9*q - 10. Let d be p(-5). Let z(r) be the third derivative of r**5/60 + r**4/4 + 7*r**3/6 + 4*r**2. Calculate z(d).
2
Let i(u) = -2*u**3 - 3*u**2 - u - 4. Let l(p) = p**3 + p**2 + 2. Let m(h) = -3*i(h) - 5*l(h). Let t = 5487 - 5490. Determine m(t).
2
Let c(t) = -t**3 - t**2 + 5*t**2 - t - 3*t. Suppose -19*b = -23*b - 2*p + 14, 5 = b + 2*p. Determine c(b).
-3
Let g(a) = 8*a**2 - a**3 - 2 + 11 + 30*a - 30*a. Determine g(8).
9
Let a be (-6 + -6)*2/(-4). Let x(s) = s**3 - 5*s**2 - 7*s. Let r be x(a). Let v(m) = 0*m**2 - 7*m**2 + 6 + 11*m**2 - 5*m**2 - 4*m. Calculate v(r).
-6
Let r(f) = -7*f + 2. Suppose -3*u - 3*o + 30 = 0, -7*o + 4*o - 18 = -u. Suppose 0 = 30*l - 34*l + u. Give r(l).
-19
Let g = -113/14 + 67/7. Let q(z) be the first derivative of 3*z + 1 - g*z**2 - 2/3*z**3. Determine q(-3).
-6
Let z(q) = 8*q**2 + q + 1. Let w be 13 + -6*6/9. Let d = 8 - w. Calculate z(d).
8
Let s(l) = -5*l**2 + 32822*l - 32822*l - 2*l**2. Let w be 2/(2/(-3)) + 4. Give s(w).
-7
Let q be (-1)/4 - (-76)/(-16). Let j be -1 - 2 - 1*-6. Let w(z) = -7*z**3 + 5*z + 2*z**3 + 6*z**j + 6*z**2. What is w(q)?
0
Let j be ((-324)/(-15))/(2/5). Suppose 6*a - 24*a + j = 0. Let q(r) be the third derivative of r**5/60 - r**4/8 + r**3/3 - r**2. Calculate q(a).
2
Suppose 2 - 4 = p. Let a(j) = -8*j - 2. Determine a(p).
14
Let f(t) = t**2 - 14*t + 23. Suppose -948 + 116 = -64*j. Determine f(j).
10
Let c(r) be the first derivative of r**5/60 - 7*r**4/24 + r**3/6 - 7*r**2 + 10. Let u(o) be the second derivative of c(o). Calculate u(6).
-5
Let n(o) = 6*o - 44. Suppose 3*p - 23 - 1 = 0. Let z be n(p). Let c(m) = m. Determine c(z).
4
Let x(l) = -l**3 + 4*l**2 + 4*l - 4. Let q(z) = -134*z + 407. Let d be q(3). Calculate x(d).
-9
Let g(q) = q**2 - 10*q + 5*q - 1 + 0*q**2. Let f(z) = -2*z**2 + 11*z + 2. Let d(r) = -3*f(r) - 7*g(r). What is d(3)?
-2
Let b be (2 - (-2)/2) + 12. Let r(m) = 7*m + 5 - 13*m**2 + 36*m**2 - 9*m**2 - b*m**2. Determine r(6).
11
Let l(s) = -s + 2. Let h(q) = -8*q - 1. Let j(a) = 2*h(a) - 18*l(a). Determine j(20).
2
Let d(a) be the first derivative of -a - 2 - a**2 + 3*a**2 + 8 + 0*a**2. Calculate d(2).
7
Let k(u) = 0*u + 4*u + 7 - 3*u - 2*u. Let f(n) = -3*n + 3. Let h be f(-1). Calculate k(h).
1
Suppose 0 = 5*g + 2*x + 5 + 5, -15 = -g + 3*x. Suppose g = -4*r + 3*r - 5. Let m(v) = -3*v - 4. What is m(r)?
11
Let d(z) be the second derivative of z**3/3 + 3*z**2 - 2*z. Let q = 78 + -84. What is d(q)?
-6
Let y(p) = 10 + 1 + 3 - p**2. Let j = 2468 + -2468. Calculate y(j).
14
Let t(m) = -m**2 - 14*m - 30. Suppose 21*b + 12 = 20*b. Calculate t(b).
-6
Let f(o) = -o - 14. Suppose -3*j = 3*j - 42. Suppose 0 = j*x - 4*x. Suppose x = s + s + 12. Give f(s).
-8
Let h(v) = 5 + 0 + 4*v - 3*v. Suppose -11*s = -16*s + 4*t + 40, -2*s - 12 = 4*t. Calculate h(s).
9
Suppose 3*l - 3*m + 15 = 18, l - 5*m = 13. Let d(n) = -6*n**2 + 2*n + 5. Let u(g) = -g + 1. Let i(b) = -d(b) + 2*u(b). Calculate i(l).
29
Let h(y) = -2*y**3 + y**2 - 4. Let s(o) = -o**3 + o**2 - o. Let v(m) = -h(m) + 3*s(m). Let g = -4 - -7. Determine v(g).
-14
Let l be 141/36*(0 + -1) + 4. Let p(d) be the second derivative of 0 + l*d**4 - 5/2*d**2 - 4*d - 1/6*d**3 - 1/20*d**5. Give p(0).
-5
Let q = 84 - 60. Suppose -6*c = 6*c + q. Let p(r) = r**2 - 2*r - 3. Calculate p(c).
5
Let w(k) = k**2 + 6*k + 6. Suppose 4*l + 2*m + 18 = 0, -3*l - 5*m = -7*l - 53. Calculate w(l).
13
Let c(v) = -5*v**3 + 2*v**2 + v. Suppose -2*g - 3*g - 10 = 0. Let p = 6 - g. Let b = -9 + p. What is c(b)?
6
Let n(f) = 7*f - 16. Let v(a) = -3*a + 8. Let k(r) = -2*n(r) - 5*v(r). Suppose 747*u - 182 = 721*u. Determine k(u).
-1
Let c(q) = -26*q**3 + 1. Let m(t) = 7*t + 15. Let x be m(-2). What is c(x)?
-25
Let j be (0/(-3))/((-14)/14). Let x(v) be the third derivative of -7/24*v**4 + j + 1/3*v**3 + 0*v + 3*v**2. Give x(-2).
16
Suppose -7*u + 2*u + 46 = -3*f, f + 42 = 5*u. Let k(s) = s - 2. Let b be k(u). Let q(m) = -b - 2*m - 6*m**2 - m**3 - 2*m**3 + 2*m**3. What is q(-6)?
6
Let k(d) = 2*d**2 + 17*d + 8. Let p(q) = -75*q - 158. Let n be p(-2). Calculate k(n).
0
Let b = 256 + -259. Let t(c) = 3*c + 4. Give t(b).
-5
Suppose 4*j = -0 - 40. Let c be ((-6)/(-15))/((-2)/j). Let t(a) = 156 - 156 - 9*a**c - a. Give t(-1).
-8
Let y(d) = 11*d + 1. Suppose 2*p = 44 - 232. Let i = p - -93. Calculate y(i).
-10
Let c = 1306 - 1310. Let z(v) be the second derivative of -v + 1/6*v**3 + 9/2*v**2 + 0. Give z(c).
5
Let k(x) = -3*x**2 + 2*x + 10. Let i(s) = -3*s + 17. Let v be i(7). Let n(w) = -5*w**2 + 5*w + 19. Let u(c) = v*n(c) + 7*k(c). Give u(-6).
-6
Suppose -7*c - 57 = -78. Let y(f) be the third derivative of 5/3*f**c + 0 + 0*f - 2*f**2 + 1/24*f**4. What is y(-5)?
5
Suppose -5*l = 2*o, -11*o + 8*o - l = 0. Let u(t) = -2*t + 2 - 3*t**2 + 7*t**2 + 3*t - 3*t**2. Calculate u(o).
2
Let k be 110/(-26) + 600/2600. Let i(y) = -7*y - 18. Determine i(k).
10
Let d(s) be the third derivative of s**6/120 - s**5/10 - 7*s**4/24 - 5*s**3/6 - 213*s**2. Calculate d(7).
-5
Let b(g) = -g**3 + 7*g + 2. Let o be b(-3). Suppose -4*c + 0 + o = 0. Let u(r) = 5*r - r + 4 - 3*r - r**c - 5*r. Determine u(-6).
-8
Suppose 2*s = -s. Let u(y) be the second derivative of -y**5/60 + y**4/24 + 5*y**3/3 + y**2 - 4*y. Let c(w) be the first derivative of u(w). Determine c(s).
10
Let x(l) = 2*l**3 - 1 - 9*l**3 + 16*l - 16*l - l**3. Calculate x(1).
-9
Suppose -3*k + 6*k = 9. Let r(g) = g**2 - 12. Let l be r(k). Let h(j) = -j + 4. Determine h(l).
7
Let r(q) = q**3 + 4*q**2 + 4. Let s(n) = 2*n**2 - 21*n - 8. Let c be s(11). Suppose -4*g - 16 = -4*k, -4*g + 4 - 19 = -c*k. What is r(g)?
13
Let c(l) = l - 5. Let y be c(6). Let o = -51 - -54. Suppose o*i + 8 = -y. Let g(k) = -2*k**2 - 2*k - 2. Calculate g(i).
-14
Let x = 0 + 1. Let m(b) = -b + 9*b**2 - 13*b**3 - 7*b**2 + 3*b**3. Determine m(x).
-9
Let q(d) = -4*d + 3. Let z(j) = 25*j - 38. Let r(i) = 6*q(i) + z(i). Determine r(15).
-5
Let m be ((-60)/(-8) - 3)*(-44)/(-33). Let v(x) = x**3 - 6*x**2 - 2*x + 13. Give v(m).
1
Let f(g) be the first derivative of 8/3*g**3 + 1/4*g**4 + 4*g**2 + 6*g - 4. What is f(-7)?
-1
Let k(c) = -117*c**3 + 2*c**2 + 